the remainder when r is divided by 30.
23
Let v be 28*(-5)/35*-6. Let j = v - 5. Calculate the remainder when j is divided by 2 + 1 - 4/(-1).
5
Suppose 2*n + 28 = 2*f, -2*f - 8 = 5*n - 1. Suppose 2 + 2 = 2*z. Suppose -4*l + 6 = v + l, 5*l = z*v - 42. What is the remainder when v is divided by f?
7
Suppose 0 = -s + 1 + 2. Suppose -s*m = -240 + 12. Calculate the remainder when m is divided by 26.
24
Let h(q) = -14*q + 1. Let b be h(-1). Let z = -27 + 22. What is the remainder when 27 is divided by z + (-2 - -6) + b?
13
Suppose -u + 5*f - 11 = 0, 2*u + 2*f = -2*u + 44. What is the remainder when 79 is divided by u?
7
Suppose 2*z = -202 - 8. Let p = z - -170. What is the remainder when p is divided by 17?
14
Calculate the remainder when 1096/20 - (0 - 8/(-10)) is divided by 11.
10
Let l be 4/(-22) + 46/253. Suppose 2*s - 190 = -5*r, -3*r + 5*r + 4 = l. Calculate the remainder when s is divided by 13.
9
Let f(s) = s**3 - 10*s**2 + 10*s - 11. Let r be f(9). Let a(l) = -3*l**3 + 2*l + 4. Calculate the remainder when ((-47)/4)/((-11)/44) is divided by a(r).
23
Suppose 24 = 30*h - 27*h - 3*i, i - 16 = -2*h. What is the remainder when 18 is divided by h?
2
Let f be (6 + -8)*(0 + -1). Suppose -4*q + 4*m = -3*q + 10, 3*m - 13 = -f*q. Suppose -1 = q*a - 19. What is the remainder when 25 is divided by a?
7
Let r = 14 + -16. Let v(c) = 5*c**2 - 3*c - 4. Calculate the remainder when 85 is divided by v(r).
19
Suppose -5*f = -10*f + 80. Suppose -380*d + 385*d - 235 = 0. What is the remainder when d is divided by f?
15
Let a(k) = k**3 - 3*k**2 - 12*k + 10. Let p be a(6). Let z = -9 + p. Calculate the remainder when 72 is divided by z.
35
Let o be (1 - 3)/((-2)/(-8)). Let d = -7 + 12. Calculate the remainder when (d + 0)/(o/(-40)) is divided by 14.
11
Let h be (3/(-2))/((-1)/(-2)). What is the remainder when 25 is divided by 0 + h/(-6) - (-65)/10?
4
Let x(m) = -14*m - 104. Calculate the remainder when x(-11) is divided by 33.
17
Suppose 2*j + 4 = 6, -43 = -q - j. What is the remainder when 79 is divided by q?
37
Let x be (-3)/9*-5*3. Suppose y = x*a + 4*y - 57, 0 = -5*y - 5. Calculate the remainder when 23 is divided by a.
11
Let t = -28 + 27. Let p be (t - -3) + 153/3. Suppose -3*c = -4*u - 85, -c = c + u - p. What is the remainder when c is divided by 14?
13
Let a = 212 + -60. Suppose -5*g = -4*g - 14. Calculate the remainder when a is divided by g.
12
Let i be 3 + (-4716)/(-30) - 4/(-5). Let z = i - 132. Let f(p) = p**2 + 3*p + 2. What is the remainder when f(6) is divided by z?
27
Let a(g) = -6*g - 8. Let u be a(-2). Suppose 2*w = -u*r + 32, -4*r = 4*w - 41 - 35. Let o(s) = 18*s - 4. Calculate the remainder when o(5) is divided by w.
20
Suppose 0 = 4*w - 107 - 113. Suppose 4*z + 21 = 5*z + 2*l, 3*z - 4*l = 113. Let n = w - z. Calculate the remainder when n is divided by 13.
11
Suppose 159*j - 697 = 118*j. Let i be (-8)/10*15*1. Let v = -5 - i. What is the remainder when j is divided by v?
3
Let q = 12 - -71. Calculate the remainder when q is divided by 48.
35
Let t be (-16)/(-6)*(-105)/(-20). Let q be 34/(-3)*(-273)/t. Suppose q - 78 = 2*z + y, -3 = y. Calculate the remainder when z is divided by 19.
16
Suppose -3*f + 162 = -138. Let n = -5127 + 5178. What is the remainder when f is divided by n?
49
Suppose -2*q + 3*q = 16. Let p(d) = -d**2 - 6*d + 2. Let z be p(-6). Suppose 3*m - z - 25 = 0. What is the remainder when q is divided by m?
7
Let s be 2 - 0/(0 - 2). Suppose -3*j = -7*j, s*j = 4*y. Suppose -3*m + 20 - 8 = y. What is the remainder when 11 is divided by m?
3
Let l(v) = v**3 + 10*v**2 + 9*v + 4. Let a be l(-9). Let g(n) = 14*n**2 + 0*n**3 + a*n - 22*n**2 - 6 + 2*n**3. What is the remainder when g(5) is divided by 33?
31
Let z(j) = j + 28. Let g be z(15). Let a = 47 - g. Calculate the remainder when a is divided by 1.
0
Suppose 105*j - 42 = 99*j. Calculate the remainder when 118 is divided by j.
6
Suppose 17*p = 1154 - 219. What is the remainder when 603 is divided by p?
53
Suppose 79*d = 62*d + 6154. Calculate the remainder when d is divided by 74.
66
Suppose -370 = -5*f - 100. What is the remainder when f is divided by (-1)/2*56/(-2)?
12
Suppose -4*o - b + 599 = -0*b, -b - 307 = -2*o. What is the remainder when o is divided by 8?
7
Let m = -8 - -13. Suppose -5*b - 30 - m = -5*a, -26 = 2*b - 5*a. Calculate the remainder when (6 + b)*(4 + 1) is divided by 9.
6
Suppose 30*o - 1092 = 228. What is the remainder when 83 is divided by o?
39
Suppose v - 11 - 1 = 0. What is the remainder when (-150)/45*v/(-5) is divided by 5?
3
Let v(b) = b**3 + 11*b**2 + 19*b + 20. Calculate the remainder when 580 is divided by v(-7).
82
Suppose 86 = 4*o - 2*z, 5*o - 22 - 63 = -5*z. Let p(h) = -3*h**3 - 5*h**2 + 4*h + 2. What is the remainder when p(-4) is divided by o?
18
Let v(c) = 11*c + 215. Calculate the remainder when v(-8) is divided by 112.
15
Let r = -404 + 442. What is the remainder when 89 is divided by r?
13
Suppose -4*h = 4*b - 72, -b = 5*h - 84 + 14. Suppose -2*f = -m - 3*f + 16, -5*f + 60 = 4*m. What is the remainder when m is divided by h?
7
Suppose 4*f - 5*c + 0 = 6, 3*c = 6. Suppose h + 2*j - 26 = 0, -j = -f*j - 3. Calculate the remainder when h is divided by 16.
12
Let v = -288 + 7. Let k = -167 - v. Calculate the remainder when k is divided by 29.
27
What is the remainder when (-15)/30*(-24 + -2) is divided by 4?
1
Suppose -9 = 3*g, q = -g - 358 + 92. Suppose 1768 = -4*k + 5*i, 10 = -2*i + 18. Let d = q - k. What is the remainder when d is divided by 44?
42
Suppose -b - 2*p - p = -2, -p + 6 = -5*b. Let y(v) = 13*v**2 + 2*v + 1. What is the remainder when 82 is divided by y(b)?
10
Suppose -3*v - 31 = -g - 4, 2*v = -5*g + 220. Suppose -3*i = 4*c - g - 81, 0 = -5*i - 15. Calculate the remainder when 61 is divided by c.
28
Suppose -7*q + 323 = 10*q. What is the remainder when 30 is divided by q?
11
Suppose -5*z + 174 = -4*y, -5*z + 202 = y + 2*y. Suppose z + 106 = 9*c. What is the remainder when 79 is divided by c?
15
Let v = -11 - -25. Suppose r + 7 = v. Calculate the remainder when 25 is divided by r.
4
Suppose j - 1 - 11 = 0. Let s(g) = -g**3 + 14*g**2 - 11*g + 200. What is the remainder when s(14) is divided by j?
10
Suppose 0 = w - 5*w + 36. Suppose -3 + w = -c - 2*q, 3*c - 7 = -q. Suppose -c*o = -2*o - 16. Calculate the remainder when 30 is divided by o.
6
Let u(r) = r**3 - 6*r**2 - r + 21. What is the remainder when u(7) is divided by 16?
15
Suppose -f - 4*g + 4 = -7, -46 = -2*f + 4*g. Calculate the remainder when 145 is divided by f.
12
Calculate the remainder when 99 is divided by ((-14)/3 - -4)/((-16)/408).
14
Let c(t) = -t**3 + 5*t**2 - 6*t + 8. Let y be c(4). Suppose -134 = -x + 4*j, y*j - 601 = -4*x + 3*j. What is the remainder when x is divided by 13?
11
Let u = 6 + -301. Let z = -132 - u. Suppose 0 = -5*y + 10, 3*t + 6*y - y = z. Calculate the remainder when t is divided by 13.
12
Let h = -169 - -200. Calculate the remainder when 123 is divided by h.
30
Suppose p + 0*p + 9 = 0. Suppose 5*y - 43 = 62. Let o = p + y. What is the remainder when 34 is divided by o?
10
Suppose -4*d + 3*d = q - 7, q = 2*d - 5. Let r(a) = 6*a**2 + 2 - 2*a**2 - a + d*a. Calculate the remainder when r(-3) is divided by 16.
13
Suppose 5*a - 5*v - 28 - 102 = 0, -5*v - 10 = 0. Calculate the remainder when 66 is divided by a.
18
Suppose 2*r - 7*r + 20 = 0. Suppose -4*p + r*x + 236 = 0, 5*x + 77 = 3*p - 106. Calculate the remainder when p is divided by 12.
8
Let x = 162 - 120. Calculate the remainder when 147 is divided by x.
21
Let b = 43 + -221. Let v = -82 - b. Calculate the remainder when v is divided by 33.
30
Suppose 0*p + 2*p = 10. Calculate the remainder when (71/(-2))/(p/(-10)) is divided by 24.
23
Let t be (3/(-6))/(3/24) - 0. Calculate the remainder when 56 is divided by t/(129/45 + -3).
26
Let c = 442 - 425. Calculate the remainder when 186 is divided by c.
16
Let r = 34 - 32. Let i be 13/3 - 2/6. Suppose -1 + 5 = i*w. Calculate the remainder when r is divided by w.
0
Suppose 0 = 3*m + 6, 2*i + 3*i - 73 = -6*m. Suppose 4*w + w = d + 752, -292 = -2*w - 4*d. Let q = w + -84. What is the remainder when q is divided by i?
15
Suppose -2*v + 4*v = 76. What is the remainder when ((-255)/68)/((-7)/280) is divided by v?
36
Let l(q) = q**3 + 15*q**2 - q - 9. Suppose